0) + (-1 - -3).
-13
7 + (4 - 2) + (-26 - -14) + -24
-27
Calculate -11 + -4 + -3 + (-6 - -6) + 8.
-10
What is 0 + 12 - (2 - -18)?
-8
Calculate 12 - ((-52 - -53) + (1 - 4)).
14
Calculate (4 - 0) + (-12 - -10) + 0 + 12.
14
-25 - -42 - 22 - (1 + -19)
13
What is the value of 11 + (-18 + 12 - 6) + 19?
18
What is 6 - (-7 - (-11 - (-4 + 1)))?
5
What is the value of 2 + 1 + -19 + -31 + 37?
-10
What is 16 - (-1 + (-11 - -79) + -14)?
-37
Calculate (-38 - -20) + 21 + 0.
3
What is (4 - (0 + 1)) + -7?
-4
What is -2 + (7 - -1) + -3 + 2?
5
What is the value of -7 + 9 - (81 - 98)?
19
-3598 + 3612 + (-1 - -17) + -2
28
What is -3 + -2 - ((-10 - -10 - -13) + -42)?
24
What is 14 + -2 + (-2 + 11 - 6)?
15
What is 0 + (8 + 3 - (-5 - -10))?
6
-1127 + 1124 + (1 - -4 - (-1 + 0))
3
Calculate -7 + 6 + 3 + -11 + 20.
11
4 - (18 - 4 - 0)
-10
15 + -15 + 31 + -17
14
-14 + 16 + -12 - 10
-20
What is the value of (1 - (-7 - (4 + -10))) + -9 - -21?
14
What is 6 - (32 - 10) - -11?
-5
Evaluate -13 + (5 - (7 - (-8 - -9))).
-14
What is the value of -8 + (3 - 4) + -3 + -5?
-17
What is the value of 6 - (19 + 8 + (-13 - -10))?
-18
Calculate (3 + 0 - 1) + (19 - (-16 + 34)).
3
What is the value of 11 + 3 - (46 - 47)?
15
Calculate (-2 - -3) + 1 - ((-24 - -35) + 8).
-17
Calculate 5 + 7 + (-55 - -51).
8
What is the value of -16 - (16 - 6 - 41)?
15
What is the value of 0 + (-5 - -1) + -375 + 382?
3
What is 17 - -3 - (-300 - -289)?
31
What is (10 - (10 + -19) - (8 + -1)) + -35?
-23
Evaluate (3 - 17 - -2) + 64 + -67.
-15
(-27 - -40 - 30) + 14
-3
What is the value of 1 + -12 + (162 - 172)?
-21
2 - -33 - (412 + -408)
31
(0 - -6) + -22 + 20 - (-9 + 2)
11
What is the value of -122 + 107 + (-1 - -23)?
7
What is (7 - (-28 - -18)) + -24?
-7
What is 9 + -3 - ((-12 + 4 - -1) + -2)?
15
19 + (17 - 7) - 42
-13
-7 - 2 - (103 + -105) - (0 + 1)
-8
What is the value of (-3 - 9 - 3) + 18?
3
(-6 - -27) + (13 - 24)
10
Calculate (-3 - -10) + 1 + -6 + (12 - 5).
9
-9 + (1 + -13 - -7) + 1
-13
What is the value of -10 + (6 - 8 - -8) + 10?
6
What is the value of -18 - (0 + 7 + -10)?
-15
34 - (-18 + 46) - (-1 - -18)
-11
6 + (-7 - (-8 + 4))
3
Evaluate 12 - (-9 + 2 - -12).
7
What is the value of (-7 - (-14 + 1 - (-8 + 7))) + -25?
-20
What is (21 - 4 - 19) + -4 + 1?
-5
-11 + 14 + -3 + 4
4
Calculate 16 + (0 + 2 + -8 - (-141 + 131)).
20
Calculate -28 - (4 + -39 + 17).
-10
(-1 - 0) + 44 + -94 + 55
4
What is the value of (0 - -23) + -205 + 203?
21
1 + 12 + -17 + 17 - 12
1
Calculate (8 - 1) + (9 - 1 - 1) + -30.
-16
Evaluate 7 + (235 + -224 - (-2 - -2 - -15)).
3
Calculate -16 + 8 + -14 + (8 - -10).
-4
Evaluate (-9 - 6) + (-2 - 0) + (66 - 60).
-11
What is the value of -24 + 49 + -23 - -19?
21
What is the value of (5 + -8 + 15 - 7) + -11?
-6
Calculate (11 - -33 - 26) + -53.
-35
21 - (-11 + 25 + 8 + -23)
22
((12 - 15) + -4 - -9) + -5
-3
Calculate 6 - (2 + 1 - 1) - (9 - 2).
-3
What is -28 - (-28 - 14 - 1)?
15
What is the value of -1 + 11 + -8 + (12 - 0) + 2?
16
Calculate 2 + -4 + (-5 - (-2 - 4)) + 11.
10
Calculate 0 - -7 - (15 - (-34 - -11 - -16)).
-15
Calculate (-33 - 3) + 552 + -488.
28
What is -11 + (13 - 2 - 0)?
0
What is the value of 15 - (9 - -6) - -1?
1
What is (148 - 110) + (2 - 6) + (-11 - -7)?
30
What is 9 - ((-9 - 2 - -6) + 17 + -7)?
4
What is 11 + (-20 + 26 - (-3 - -3))?
17
What is -8 + 0 - (-22 - (26 + -39))?
1
What is the value of (2 - 3) + -4 + 3 + 9?
7
Evaluate -14 + 0 - ((0 - 16) + 10 - -13).
-21
-24 - (-20 + (3 - -1))
-8
Evaluate 26 + (25 - 44) - (-3 - (-4 + -3)).
3
114 + -147 - (-14 - 0) - (2 + -4)
-17
2 - (-7 + -3 + -3 + 5 + 3)
7
What is the value of -33 + 31 + 0 - (3 + -13 + 3)?
5
What is (1 - -2) + (61 - 62) - (2 + -3)?
3
What is 0 + -2 - ((81 - -21) + -67)?
-37
What is the value of 5 - 0 - (6 + 14 + -3)?
-12
Evaluate (4 - (4 + -10)) + (0 - 2) - -3.
11
Calculate 15 - (16 + (1 - 18)).
16
Calculate 17 + ((6 - 41) + 10 - -5).
-3
What is the value of 44 - (38 - 34) - 70?
-30
Calculate (-2 - (12 + -19)) + -6.
-1
What is the value of -21 + -18 + (14 - -14)?
-11
What is 0 + 1 + 10 - (61 - 60)?
10
Calculate 3 + (-3 - -4) + (-26 - -17).
-5
Calculate 5 + (0 - 4 - (-1 + (7 - 0))).
-5
Evaluate -6 - (9 - (13 + -9)) - (-10 - -3).
-4
Evaluate -2 + -7 + 1 - (46 - (-33 - -74)).
-13
What is (10 - 13 - -13) + 0?
10
What is the value of -1 + -6 + (0 - 4) + -2?
-13
What is the value of 3 - (-6 + 4) - (-15 - -13)?
7
What is -26 - 3 - (-32 - -19)?
-16
What is the value of 12 - (-11 - (-2 + -10)) - -2?
13
What is (-6 - -2) + (-14 - 3) + 24?
3
What is the value of 37 + -27 + 8 + 14 + -3?
29
Evaluate (-7 - (15 - (1 + 35))) + 13.
27
Calculate -2 + 26 + (-60 - -47) + -17.
-6
What is the value of 24 + (16 - (6 + 50))?
-16
Calculate (-17 + 5 - 10) + 15.
-7
-3 + (-4 - 1) + 3 + (3 - -4)
2
What is 10 + 1 + 2 + (55 - 64)?
4
What is 49 + 12 + 6 + -34?
33
What is (31 - (34 + -10)) + (1 - 19) - -21?
10
-8 + (-11 - (-6 + 1) - 6 - -9)
-11
What is the value of (5 - (4 - 1)) + (1 - -6) + -13?
-4
What is the value of (-6 - -1) + (46 + -58 - -4)?
-13
Evaluate 9 + (-4 - -4 - 7).
2
Evaluate 9 + 0 + 8 + -9.
8
Evaluate (-7 - 0 - (-16 - -17)) + -63 + 41.
-30
Calculate -7 + 15 - (30 + -39).
17
-5 + 2 - (10 - (33 + -34))
-14
What is 41 + -21 - (7 + 18)?
-5
Evaluate -20 - (-3 + 11 + -8) - (7 - 14).
-13
What is the value of -28 - -1 - ((-7 - -8) + 0 - 8)?
-20
Evaluate 1 + -11 + (18 - (14 - -4)).
-10
-30 - (37 + -32 + -54)
19
What is -6 + 0 - (2 - 6 - 2) - 10?
-10
4 + (-1 - (5 + -2)) + -3
-3
Evaluate 17 - (16 - -21 - -3).
-23
What is the value of (2 - -3) + -39 + 38?
4
What is the value of 5 - (2 + 12 + 3)?
-12
Evaluate 4 - -1 - ((-172 - -162) + (7 - -1)).
7
What is (5 - (1 - -1)) + 4?
7
Calculate -1 + -11 + 2 - (-28 + 14) - -24.
28
Calculate 0 + 1 + (-2 - (-11 + 1 - -4)).
5
8 + (-29 - -21 - (-4 - -1))
3
-49 + 40 + -16 + 61
36
Evaluate 4 - ((4 - -36) + -39 + 26).
-23
What is the value of -12 + 8 + 13 - 9?
0
Evaluate 3 + 4 + 12 + -13.
6
20 + -13 - 31 - -13
-11
What is the value of 7 + 7 + -27 + 5?
-8
Evaluate (-3 - (-18 - -7)) + 14 - (1 + 1).
20
What is the value of (-14 - (-28 + 19)) + 19?
14
What is (-1 - -6 - -1) + 205 + -205?
6
Evaluate -11 - (-1 + -6) - (-2 - -10).
-12
What is -76 + 74 - (-10 + -1)?
9
What is the value of -6 + (-12 - (3 + 13 + -16))?
-18
(-5 - (-8 + -1 + -8)) + 11
23
-18 - (8 - 25 - 12)
11
Calculate -1 - -21 - ((2 - (-5 - 4)) + -8).
17
Evaluate 293 - 268 - (17 + 1).
7
What is -1 + (-8 - (-3 + (-15 + 7 - -2)))?
0
What is -7 + 9 + 0 + 6?
8
What is the value of (-30 - ((5 - -14) + -24)) + 2 + -8?
-31
What is the value of -5 - ((-20 - -37) + 2)?
-24
Evaluate -10 + -6 - -21 - 5.
0
98 + -92 - (11 + 2)
-7
What is 38 - 45 - (0 - -1) - (-6 + 0)?
-2
-40 + (25 - 11 - (9 + -9))
-26
Evaluate (-1 - 1) + -1 + (8 - 4) + 1.
2
What is 12 + -1 + -9 - 13 - -8?
-3
Evaluate 9 + 18 + -58 + 10.
-21
What is the value of 2 + -3 + (2 - (3 - (4 - 2)))?
0
Evaluate -2 + 5 + (-12 - -10) + 9.
10
What is (-4 - -15 - 16) + (2 - (-9 + -1))?
7
-48 + 3 + (-52 - -65) + -4
-36
What is (0 - -5 - (8 - -3)) + 0 + 2?
-4
What is (137 - 120) + 3 + -17?
3
Evaluate 3 + (1 - -6) + 0 - 6.
4
Calculate (15 - 12) + (-6 - -13).
10
(35 - (7 - 3)) + (-1 - -4) + 1
35
What is (35 - 60) + 13 + 0?
-12
What is the value of 3 + (-1 - -9) + (3 - (12 + -3))?
5
What is (-2 + 3 - -7) + (17 - 24)?
1
What is 4 - -6 - (35 - (15 + -17))?
-27
(24 - 11) + (20 - 8 - -5)
30
What is the value of -4 + (1 - 4) - -13 - 9?
-3
Calculate 10 + -1 - (-147 - -150).
6
Calculate 8 - 6 - -3 - 2 - 12.
-9
What is the value of (-1 - -3) + (11 - 22) + 25 + -4?
12
Calculate -3 + (-31 - (-18 - -1) - -5).
-12
Evaluate (14 - (11 + 27)) + -16 + 14.
-26
What is (-2 - 3) + (10 - (-5 - -18))?
-8
Evaluate 16 - (4 - (-5 + (-7 - -10))).
10
Calculate 7 + -9 + (7 - (-9 - (6 - 17))).
3
What is the value of 13 + (-9 - (-28 - -6) - 10)?
16
Evaluate 9 - ((16 - 10) + -10) - 3.
10
-57 + -17 + 59 + (1 - 2)
-16
13 + 1 - (286 + -271)
-1
Evaluate 9 + 3 + -16 + 18.
14
Calculate -13 + -13 - -49 - 22.
1
What is (-3 - -2 - 2) + -117 + 124?
4
What is the value of (-2 + -29 - (-54 - -36)) + 15?
2
Calculate -1 + (-3 - -4) - (5 + (12 - 13)).
-4
-14 - (7 + -14) - (-5 + -2)
0
Calculate 0 + (0 + 3 - 18) + 8.
-7
Calculate 0 + 8 + 0 - (1015 - 1010).
3
What is the value of (1 - 13 - -5) + 0 + 0 + -9?
-16
What is the value of 12 + (-5 - (1 + (2 - 7) + -2))?
13
Cal